?
3
Suppose 4*d + 153 = i, d - 2*i = -d - 84. Let h = d + 74. Suppose 3*y + 194 + h = 4*f, f + 4*y - 53 = 0. What is the units digit of f?
7
What is the units digit of (-55756)/265*10/(-4)?
6
Suppose -2*n = 4*i - 11374, -6542 = 4*i - 4*n - 17922. Suppose 0 = 16*u - 25*u + i. What is the units digit of u?
6
Suppose -50 = -2*c - 20. Suppose 0*n - 3*n - 9 = 0, -2*z = 3*n + c. Let t = 17 + z. What is the units digit of t?
4
Let m(b) = -b**3 + 26*b**2 - 35*b - 71. What is the thousands digit of m(19)?
1
Let q = -206 - -831. What is the tens digit of q?
2
Suppose -10*n - 226 + 2446 = 0. What is the units digit of n?
2
Let j(h) = 20*h + 36. Let k be j(6). What is the hundreds digit of (k/10)/(0 - 21/(-280))?
2
Suppose -4 = 2*w - 10. Let n = w + 112. What is the hundreds digit of n?
1
Suppose 274 - 22 = 7*l. What is the tens digit of ((-843)/4)/(l/(-48))?
8
What is the units digit of (-1 + 5)/(1090/(-220) - -5)?
8
Let u = 5 - -338. What is the units digit of u?
3
Let w(p) = p**3 + 19*p**2 + 10*p - 12. What is the hundreds digit of w(-6)?
3
Suppose -2*n + 8 = 0, -3*f + 2*f + 8 = 2*n. Let a(w) = w**2 + w + 12. Let u be a(f). Suppose b - 31 = u. What is the tens digit of b?
4
Suppose -6 = -4*p + 2*p. Suppose -p*m = -0*m - 147. What is the tens digit of m?
4
Suppose 0 = s - 4. Let o be ((-5)/2 - -3)*s. Suppose o*i - 24 = -0*i. What is the units digit of i?
2
Let r = 762 + -392. What is the units digit of r?
0
Let r(i) = 25*i + 14. What is the units digit of r(10)?
4
Suppose -8 = -c - 3*c. Suppose -c*x + 7*x - 20 = 0. What is the units digit of x?
4
Suppose 0 = 7*y - 4*y - 231. What is the tens digit of y?
7
Suppose 0 = g + 2481 + 33. What is the hundreds digit of 4/(-32) - g/16?
1
Let t(o) = -o**3 - 3*o**2 - o. Let d be t(-1). Let a be (3 + d + -1)/(-1). What is the units digit of 4 + -1 + a + 29?
1
Suppose 5*k - 4*h + 47 = 0, -25 - 4 = 3*k - 2*h. Let u(v) be the first derivative of v**3/3 + 5*v**2 - v + 1. What is the units digit of u(k)?
0
Let u(w) = 15*w - 21. Let m = 25 - 19. What is the tens digit of u(m)?
6
Let o be 1 + (-644)/(-4) - 3. What is the hundreds digit of (-2)/(633/o + -4)?
1
Suppose -7*k + 3*m = -10*k + 210, -3*k - 4*m = -210. What is the tens digit of k?
7
Let n be 1*-2*(-2 - 0). Let h(t) = 46*t + 4. Let k be h(1). Suppose -n*x + 26 = -k. What is the tens digit of x?
1
Let j = 1593 - -560. What is the units digit of j?
3
Let k = -125 + 216. Let w be (-26)/k + (-1026)/(-14). Suppose 6*l - 409 = -w. What is the tens digit of l?
5
Let b(f) = 728*f**2 - 2*f. What is the tens digit of b(1)?
2
Let l be ((-7)/(-3))/((-2)/12). Let a = -11 - l. Let q = a + 26. What is the tens digit of q?
2
Let y(x) = x**2 - x + 1. Let c be y(1). What is the units digit of c/((-1)/19*(-5 - -4))?
9
Let y be ((-15)/5 + 2)*-7. Let l(u) = -u**3 - 8*u**2 - 2*u - 10. Let n be l(-8). What is the units digit of (y/3)/(2/n)?
7
Let h(o) = 2*o**3 - 3*o**2 - 4*o + 3. Let r be h(-6). Let s be r/(-6) + 5/10. Let x = s - 33. What is the tens digit of x?
5
Let c(y) be the second derivative of 4*y + 0 - 1/6*y**3 + 11/2*y**2. What is the tens digit of c(-10)?
2
Let s be 2 + (-5)/((-5)/2). Suppose -t = -s*d - 1 + 18, 22 = -t + 5*d. What is the units digit of t?
3
Let v be 2/6 - ((-237)/(-9) + -5). What is the tens digit of (1 + v)*(4 - 41/5)?
8
Let r be 11 - 11 - 2048/(-2). Let t be r/10 + (-16)/40. Suppose l - 26 = -q, 3*q + 0*q - 3*l = t. What is the tens digit of q?
3
Let c(r) = 5*r + 1. Let z(h) = 9*h + 3. Let x(i) = -7*c(i) + 3*z(i). Let b be -1 + 2 - (-6)/(-2). What is the units digit of x(b)?
8
Let z be (-440)/30*(-87)/2. Suppose 0*y + 11*y = z. What is the tens digit of y?
5
Suppose 532*t + 552 = 528*t. Let s = -259 - -456. Let u = s + t. What is the tens digit of u?
5
Let f(x) = x**2 + 5*x - 2. Suppose 0 = -4*j - 5*o + 85, j - 5*o = -0*o + 15. Suppose 8 = 2*s + j. What is the units digit of f(s)?
4
Let o be (0 + -2)*292/(-8). Let i = 146 - o. What is the units digit of i?
3
Let n(j) = -15*j**2 - 18*j - 1. Let f(w) = -7*w**2 - 9*w. Let b(q) = -13*f(q) + 6*n(q). Let u be b(-13). Suppose 5 + u = 3*x. What is the units digit of x?
7
Suppose 5*m - 4 = 3*k, -m = -2*k + 4*m - 6. Suppose 4*d = 4*p - 0*p + 8, -k*d + 18 = 5*p. Suppose 1 + 19 = d*i. What is the units digit of i?
5
Suppose -10*i + 5*i = 0. Suppose i = 3*f - 3, -3*x + f - 5 = -4*x. Suppose 0 = x*h - s - 25 - 19, -3*s - 22 = -h. What is the tens digit of h?
1
Let k(x) = -3*x + 10. Suppose 2*y - 2*o + 12 = -0*y, -5*y = -3*o + 38. Let j be k(y). Let g = -17 + j. What is the tens digit of g?
2
Let k(x) = x**3 - 7*x**2 - 7*x - 21. Let y be k(7). Let p = 223 + y. What is the tens digit of p?
5
Let j(c) = -c**3 + 7*c**2 + 9*c + 9. Suppose -z - 8 = -2*z. What is the tens digit of j(z)?
1
Let h(k) = -k**3 - 7*k**2 + 8*k. Let s be h(-8). Let f(d) be the second derivative of d**4/12 + 9*d**2/2 - 8*d - 1. What is the units digit of f(s)?
9
Suppose -h - 24 = 2*h. Let t = h + -5. Let y = t + 35. What is the tens digit of y?
2
Let u(b) = b**2 + 7*b - 3. Let j be u(-7). Let v(m) = 2*m**2 + m - 2. Let p be v(j). Let w(r) = r**2 - 11*r + 9. What is the units digit of w(p)?
5
Let b = -59 + -126. Let k = -121 - b. What is the units digit of k?
4
Suppose 0*g + 2*g - 3348 = -5*p, 4*g = 3*p - 2014. What is the hundreds digit of p?
6
Suppose a + 5*u + 10 = 0, 3*a + 0*u - 18 = u. What is the hundreds digit of 15/a - -104 - -2?
1
Suppose 0 = -4*w + 10 - 2. Let h be (-20)/30*6/4 + 14. Suppose 0 = 4*c - 2*v - 70, c + w*v - 2 = h. What is the tens digit of c?
1
Let t(w) = -77*w**2 + 2*w - 6. Let n(b) = -78*b**2 + b - 5. Let a(f) = -4*n(f) + 3*t(f). Let j be a(-2). Suppose -3*u = 4*u - j. What is the tens digit of u?
4
Let f(x) = -2*x**3 - 6*x**2 + 4*x + 3. Let u be f(3). Let i = u + 113. What is the units digit of i?
0
Let l be (-26)/(-8) - 4/16. Let d(x) = -36*x. Let t be d(l). Let w = t - -154. What is the units digit of w?
6
What is the units digit of (-3 - (-1 + -3))*(508 + 5)?
3
Suppose -s = 2*q - 729, 4099 = 5*s + 4*q + 460. What is the hundreds digit of s?
7
Let j be -2*(1 + (-7)/2). Suppose -3*q + j*c + 12 = 2*c, -3*q + 5*c = -16. Suppose -b - 5 = -q*b. What is the units digit of b?
5
Suppose -5*d + 13899 - 3179 = r, r = 5*d - 10720. What is the units digit of d?
4
Let f(n) = -28*n - 17. Suppose -4 = -5*j + 8*j + 5*t, -5*j - 5*t - 10 = 0. What is the units digit of f(j)?
7
Let p(g) = -3*g**3 + 13*g**2 + 20*g - 6. Let q(v) = v**3 - 7*v**2 - 10*v + 3. Let m(a) = -2*p(a) - 5*q(a). What is the units digit of m(-6)?
5
Let k = -4 - -8. Suppose 0 = k*v - 4*z - 23 - 41, -2*z + 52 = 4*v. Suppose -j + 2*j - v = 0. What is the tens digit of j?
1
Suppose i - 1 = 4*p - 12, 0 = -i - 4*p + 21. Suppose -22 = -i*v - j + 3, 0 = -2*j. What is the units digit of v?
5
Let l = 758 - 17. What is the tens digit of l?
4
Let l(n) = 12*n**2 + 12*n + 26. Let c be l(-3). Let y = 11 + c. What is the hundreds digit of y?
1
What is the units digit of (-1)/2 + 724/8 + -1?
9
Let h(x) = -2*x - 3. Let t be h(-4). Suppose -p = -t*p - 60. What is the units digit of (-297)/p + (-1)/(-5)?
0
Let y(m) = -m**2 - 7*m + 1033. What is the thousands digit of y(0)?
1
Let h(s) = -2*s**2 + 5*s**2 - 5*s + 1 + s**3 + s. Let a be h(-4). What is the units digit of 190/20 - a/(-2)?
0
Suppose -4*t + 11 = 5*i + 71, 5*i - 60 = 4*t. Let f be 96/(-3 - (-36)/8). Let a = f + t. What is the tens digit of a?
4
Let i = -19 - -30. Suppose -2*f + 75 + i = 0. What is the tens digit of f?
4
What is the units digit of ((-7)/((-35)/(-965)))/(3/(-6))?
6
Suppose -2*z + 9 = z. Suppose 0*g + g - z = 5*s, 2*s + 6 = 2*g. Suppose -g*a = -2*a - 9. What is the units digit of a?
9
Let n be -3 + 0/4 - 125. Let r = n + 204. What is the tens digit of r?
7
Let d(w) = 3*w - 6*w + 18 + 4*w. What is the tens digit of d(0)?
1
Let t = 8 + 14. Let c = t + -36. What is the units digit of (-6)/c - (-67)/7?
0
Let k(d) = -d + 6. Let q be k(6). Let x = 45 + q. What is the units digit of x?
5
Suppose 0 = -5*f + 2*s - 501, -f - 19 - 77 = s. Let d = f + 57. What is the units digit of 31/7 - 24/d?
5
Let n = -28 + 39. Suppose 43 = -4*i + n. What is the units digit of i/(-3) + 4/12?
3
Let q(m) = 52*m - 99. What is the hundreds digit of q(11)?
4
Let l = 97 - 32. What is the tens digit of l?
6
Let k be (-3)/(9/(-15)) + 0. Suppose 3*b =